3. Calculate the highest common divisor of h and 260.
20
Suppose -6*h = h - 5*h. Suppose h = 16*a - 8*a - 1320. Calculate the highest common factor of 66 and a.
33
Suppose 47*i - 10 = 42*i. Let f(j) = 4*j**3 + 7*j**2 + 5*j - 5. Let c be f(i). Calculate the greatest common factor of c and 5.
5
Let k(u) = 9*u**2 - 3*u - 1. Let a be k(-3). Let l = 51 - a. Let p = 41 + l. What is the highest common divisor of 2 and p?
1
Suppose 50 = 2*p + 3*o, -5*p + 6 = -4*o - 73. What is the highest common divisor of p and 779?
19
Let s = 4170 - 4010. Calculate the greatest common divisor of 1540 and s.
20
Let k = -1194 + 1310. What is the greatest common factor of 8236 and k?
116
Let o(p) = p**2 + 4*p - 20. Let x be o(-10). Let n be (-18)/27 + (-186)/(-9). Suppose n*g - 22*g = -x. Calculate the greatest common factor of g and 50.
10
Let m = -4703 + 4987. Calculate the highest common factor of m and 2343.
71
Suppose 2673 + 1907 = 422*x - 193*x. Suppose -z + 320 = 3*z. What is the highest common factor of x and z?
20
Let h(c) = 178*c + 43. Let l be h(0). Let u be -4*(122/(-8) + 2). Let y = u - l. What is the highest common divisor of y and 20?
10
Suppose -1397*h = -1391*h - 3432. What is the greatest common factor of h and 26?
26
Let s be ((-2)/8 - 505/20)*(-1140)/855. What is the greatest common divisor of 44914 and s?
34
Let f(g) = -g**2 - 95*g - 641. Let s be f(-52). What is the highest common divisor of s and 1015?
145
Suppose 0 = -4*b - 0*b + 120. Suppose 2*p + 12 = -54. Let l = 53 + p. Calculate the highest common divisor of b and l.
10
Let t = 52 + -51. Let j be 28 + -31 - (t + -6). Let i be -54*3/((-6)/j). What is the greatest common divisor of i and 18?
18
Let u be 102*(-20 + 1040/48). Calculate the greatest common divisor of u and 310.
10
Let u be 42/147 - (-572)/7. Let z = -77 + u. Suppose 0 = -z*y - 0*y + 70. Calculate the greatest common factor of y and 56.
14
Let b(l) = -l**2 - 10*l + 6. Let t be b(-12). Let u(y) = -3*y**2 - 11*y - 3. Let s be u(-4). Let k = s - t. Calculate the greatest common factor of k and 22.
11
Let f(z) = 22*z + 1223. Let b be f(58). What is the greatest common factor of 34 and b?
17
Let t be 6/(-2)*3/((-144)/80). What is the greatest common factor of t and 3985?
5
Let j be 369/(6*(-13)/(-26)). What is the highest common divisor of 11849 and j?
41
Let k be ((-2)/3)/((-190)/2565). Let d(o) = 4*o**2 + 3*o + 2. Let r be d(5). What is the greatest common divisor of k and r?
9
Let a = -7013 - -8807. What is the highest common divisor of 1518 and a?
138
Let h(n) = n**3 - 2*n**2 - 4*n + 6. Let m be h(3). Suppose 3*k - 94 = -4*u, 4*u - m*k = 56 + 26. What is the highest common factor of 22 and u?
22
Let i(g) = 15*g - 58. Let s be i(12). Let q = -46 + s. Calculate the greatest common factor of q and 95.
19
Suppose -13 = 4*n + 11, -3*n = -u + 42. What is the highest common factor of u and 2568?
24
Suppose -683 = -x - 663. What is the highest common factor of 2930 and x?
10
Let i(s) = -2*s**2 + 16*s + 23. Suppose -b = -3*o + 23, -7*b = 5*o - 10*b - 37. Let d be i(o). What is the greatest common factor of 23 and d?
23
Let w = 401 - 1021. Let r = w - -850. What is the highest common divisor of r and 10?
10
Let a be (-14 - -6)*((-5747)/70 + 2/20). Calculate the greatest common divisor of 26 and a.
2
Suppose 2*y - 48 = -10. Suppose 245 = 26*g - y*g. Calculate the greatest common divisor of 15 and g.
5
Let s be 1440/96*38/5. What is the highest common factor of s and 42?
6
Let i be 8 + -21 - (-2)/4*-2. Let b = i - -30. Let g = -303 - -479. What is the highest common factor of g and b?
16
Suppose -319765 = -113*r + 644803. What is the highest common divisor of 11 and r?
11
Let t = -12519 + 12547. What is the greatest common factor of 119 and t?
7
Let v(k) = -2*k**3 - 11*k**2 - 6*k + 1. Let j(b) = 5*b**2 + 110*b - 5. Let f be j(-22). Let g be v(f). Calculate the highest common factor of g and 52.
2
Suppose -3*p + 15*q = 12*q - 330, 6*p - 5*q - 659 = 0. Calculate the highest common factor of 5123 and p.
109
Let m be 6/(-69)*-1 - 1243/(-253). What is the highest common divisor of 295 and m?
5
Suppose -3*y + 894*f = 890*f - 143, -5*y + 247 = 2*f. Calculate the greatest common divisor of y and 13279.
49
Let y be 46 + (-3)/(2 + -5). Let t(o) = -26*o + 11. Let k be t(11). Let l = k - -416. What is the highest common factor of y and l?
47
Suppose -5 = 5*c + 5*r, -10 - 16 = -4*c + 2*r. Suppose 0 = 4*s - 12, -c*v - 4*s = -5*v + 48. Calculate the highest common divisor of v and 36.
12
Let b be (2/6)/(7/429072) + 0 + -8. What is the highest common factor of b and 92?
92
Let x be (-1238)/(-2) + (40 - 39) - (-10)/(-2). Calculate the greatest common divisor of 45 and x.
15
Suppose 5 = z - 4. Suppose 492*i - k + 105 = 496*i, 4*k + 12 = 0. Calculate the greatest common factor of i and z.
9
Suppose 17*w + 24*w = 7*w + 1258. What is the highest common factor of 4181 and w?
37
Let r(d) = 3*d**2 - d - 15. Let w be r(-3). Suppose 4*q = w*i - 12*i + 1, 3*i - 23 = -2*q. What is the greatest common divisor of i and 140?
5
Let b(l) = 4*l**2 - 22*l + 52. Let f be 2 + 7*(-8)/(-14). Let y be b(f). What is the greatest common divisor of 16 and y?
16
Let i(g) be the first derivative of -3*g**2/2 + 114*g - 247. Let f be i(12). What is the highest common factor of 39 and f?
39
Let q(k) = 117*k + 7559. Let p be q(-62). What is the highest common factor of p and 5?
5
Let z = -13791 - -14412. Calculate the highest common factor of 189 and z.
27
Let w be (-1023)/(-279) - (-43)/3. Calculate the greatest common factor of 90 and w.
18
Let f(y) = -y**3 + 71*y**2 + 5*y - 349. Let a be f(71). What is the highest common divisor of 1362 and a?
6
Suppose 0 = 6*l + 18, -4*s - 168 = -9*s - 4*l. What is the highest common divisor of 132 and s?
12
Let j(c) be the third derivative of 10*c**4/3 - 10*c**3/3 + 8*c**2. Let r be j(2). What is the highest common divisor of r and 40?
20
Let z = -14 + 30. Let m = 17 - 17. Let o(v) = -v**2 - 3*v + 64. Let r be o(m). What is the greatest common factor of z and r?
16
Suppose 2208 = -42*z + 50*z. Suppose -4*s = 8, -3*w + 3*s = 5*s - 203. What is the highest common factor of z and w?
69
Let k be (-96)/(-12) - 1/1. Suppose k*n = 6*n + 80. Let z(b) = -5*b**3 - 2*b**2. Let h be z(-2). Calculate the greatest common factor of h and n.
16
Let u = 3437 + -2158. Suppose -5*g - 1175 = -2*n, 89 = -2*n + 2*g + u. What is the highest common divisor of n and 24?
24
Let d be (610/15 - 8)*6/4. Let t = d + -21. Calculate the highest common divisor of 8 and t.
4
Let o(v) = 3*v**2 - 47. Let q be o(-5). Suppose 37091 - 13263 = 46*u. What is the greatest common factor of q and u?
14
Let r(x) be the first derivative of x**4/4 + 2*x**3 + 2*x**2 + 34*x + 86. Let y be r(-6). What is the highest common factor of 1670 and y?
10
Let b = -24168 - -24183. Calculate the highest common divisor of 15270 and b.
15
Suppose 155 = -3*d - 2*b, 3*d = -5*b - 3 - 146. Let h = 55 + d. Let m(n) = 25*n + 2. Let g be m(h). What is the highest common divisor of 13 and g?
13
Suppose -y = -3*b + 6*b + 376, 0 = 4*b + 4*y + 496. Let p = b + 135. Calculate the greatest common factor of p and 279.
9
Let m(q) = q**2 - 9*q + 50. Let d be m(13). Suppose -5*i = w - d, -21*i - 4*w = -24*i + 52. What is the highest common divisor of i and 72?
4
Suppose -14*z + 0*z + 17640 = 31*z. What is the greatest common divisor of 280 and z?
56
Suppose 7*s - 29 - 13 = 0. Let w = -1 + s. Let l = 14 + -9. What is the greatest common factor of l and w?
5
Suppose 2384 = -2*q + 7*q + x, -3*q + 2*x = -1433. What is the greatest common factor of 1166 and q?
53
Suppose -6*v = -0*v + 30. Let h be 6/30 + ((-524)/v - 1). Let m = h + -59. Calculate the highest common factor of 15 and m.
15
Suppose 5*j - 20 = -w, 2*w - 5*j - 3 = -8. Suppose w*d = 3*m - 0*d - 487, -d = -m + 159. Calculate the greatest common factor of 22 and m.
22
Let m be 4/12 + (-262)/(-6). Let w(s) = -s**2 + 9*s + 11. Let i be w(10). Let t be (-1 - (-32)/(-12))*i*-18. What is the greatest common factor of t and m?
22
Let p = 389 + -394. Let b(o) = -3*o**3 - 4*o**2 - 15*o - 6. Let y be b(p). What is the greatest common factor of y and 8?
8
Suppose -28*k + 66*k + 966 = 107*k. Suppose 3*s = -s - 8. Let t be 16/(-1*s/14). Calculate the greatest common factor of k and 